{"id":4923,"date":"2020-06-11T14:53:48","date_gmt":"2020-06-11T12:53:48","guid":{"rendered":"http:\/\/paroisseaumalebraypicardie.fr\/?page_id=4923"},"modified":"2020-06-12T17:15:24","modified_gmt":"2020-06-12T15:15:24","slug":"hymnes-et-cantiques","status":"publish","type":"page","link":"https:\/\/paroisseaumalebraypicardie.fr\/index.php\/des-prieres-pour-prier-chez-soi\/hymnes-et-cantiques\/","title":{"rendered":"Chants de messe et Cantiques"},"content":{"rendered":"\n<h2 class=\"has-luminous-vivid-amber-color has-text-color wp-block-heading\">Gloire \u00e0 Dieu<\/h2>\n\n\n\n<p>Gloire \u00e0 Dieu, au plus haut des cieux,<br>Et paix sur la terre aux hommes qu\u2019il aime.<br>Nous te louons, nous te b\u00e9nissons,<br>nous t\u2019adorons,<br>Nous te glorifions, nous te rendons gr\u00e2ce,<br>pour ton immense gloire,<br>Seigneur Dieu, Roi du ciel,<br>Dieu le P\u00e8re tout-puissant.<br>Seigneur, Fils unique, J\u00e9sus Christ,<br>Seigneur Dieu, Agneau de Dieu,<br>le Fils du P\u00e8re.<br>Toi qui enl\u00e8ves le&nbsp;p\u00e9ch\u00e9&nbsp;du monde,&nbsp;<br>prends piti\u00e9 de nous&nbsp;<br>Toi qui enl\u00e8ves le&nbsp;p\u00e9ch\u00e9&nbsp;du monde,&nbsp;<br>re\u00e7ois notre pri\u00e8re ;<br>Toi qui es assis \u00e0 la droite du P\u00e8re,<br>prends piti\u00e9 de nous.<br>Car toi seul es saint,<br>Toi seul es Seigneur,<br>Toi seul es le Tr\u00e8s-Haut,&nbsp;<br>J\u00e9sus Christ, avec le Saint-Esprit<br>Dans la gloire de Dieu le P\u00e8re.<\/p>\n\n\n\n<p>Amen.<\/p>\n\n\n\n<h2 class=\"has-luminous-vivid-amber-color has-text-color wp-block-heading\">Gloria (Saint Boniface)<\/h2>\n\n\n\n<p><strong>Gloria in excelsis Deo ! Gloria Deo Domino ! (bis)<\/strong><\/p>\n\n\n\n<p>Et paix sur la terre aux hommes qu\u2019il aime. Nous te louons, nous te b\u00e9nissons, nous t\u2019adorons,<br>Nous te glorifions, nous te rendons gr\u00e2ce, Pour ton immense gloire, Seigneur Dieu, Roi du ciel, Dieu le P\u00e8re tout-puissant.<br>Seigneur, Fils unique, J\u00e9sus Christ, Seigneur Dieu, Agneau de Dieu, le Fils du P\u00e8re ;<br>Toi qui enl\u00e8ves le p\u00e9ch\u00e9 du monde, prends piti\u00e9 de nous ; Toi qui enl\u00e8ves le p\u00e9ch\u00e9 du monde, re\u00e7ois notre pri\u00e8re ;<br>Toi qui es assis \u00e0 la droite du P\u00e8re, prends piti\u00e9 de nous.<br>Car toi seul es saint, toi seul es Seigneur,<br>Toi seul es le Tr\u00e8s-Haut : J\u00e9sus Christ, avec le Saint-Esprit Dans la gloire de Dieu le P\u00e8re. Amen.<\/p>\n\n\n\n<h2 class=\"has-luminous-vivid-amber-color has-text-color wp-block-heading\">Kyrie <\/h2>\n\n\n\n<p>Seigneur J\u00e9sus, envoy\u00e9 par le P\u00e8re,<br>Pour gu\u00e9rir et sauver les hommes,<br>Prends piti\u00e9 de nous.<br><strong>Kyrie, Kyrie eleison (bis)<\/strong><\/p>\n\n\n\n<p>\u00d4 Christ, venu dans le monde,<br>Appeler tous les p\u00e9cheurs,<br>Prends piti\u00e9 de nous.<br><strong>Christe eleison, Christe eleison, Christe eleison (bis)<\/strong><\/p>\n\n\n\n<p>Seigneur J\u00e9sus, \u00e9lev\u00e9 dans la gloire du P\u00e8re,<br>O\u00f9 tu interc\u00e8des pour nous,<br>Prend piti\u00e9 de nous.<br><strong>Kyrie, Kyrie eleison (bis)<\/strong><\/p>\n\n\n\n<h2 class=\"has-luminous-vivid-amber-color has-text-color wp-block-heading\">Sanctus<\/h2>\n\n\n\n<p>Saint&nbsp;! Saint&nbsp;! Saint, le Seigneur, Dieu de l\u2019univers&nbsp;!<br>Le ciel et la terre sont remplis de ta gloire.<br>Hosanna au plus haut des cieux&nbsp;!<br>B\u00e9ni soit celui qui vient au nom du Seigneur.<br>Hosanna au plus haut des cieux&nbsp;!<\/p>\n","protected":false},"excerpt":{"rendered":"<p>Gloire \u00e0 Dieu Gloire \u00e0 Dieu, au plus haut des cieux,Et paix sur la terre aux hommes qu\u2019il aime.Nous te louons, nous te b\u00e9nissons,nous t\u2019adorons,Nous te glorifions, nous te rendons gr\u00e2ce,pour ton immense gloire,Seigneur Dieu, Roi du ciel,Dieu le P\u00e8re tout-puissant.Seigneur, Fils unique, J\u00e9sus Christ,Seigneur Dieu, Agneau de Dieu,le Fils du P\u00e8re.Toi qui enl\u00e8ves le&nbsp;p\u00e9ch\u00e9&nbsp;du&hellip; <br \/> <a class=\"read-more\" href=\"https:\/\/paroisseaumalebraypicardie.fr\/index.php\/des-prieres-pour-prier-chez-soi\/hymnes-et-cantiques\/\">Lire la suite<\/a><\/p>\n","protected":false},"author":1,"featured_media":4763,"parent":4915,"menu_order":0,"comment_status":"closed","ping_status":"closed","template":"page-templates\/page-with-left-sidebar.php","meta":{"h5ap_radio_sources":[],"jetpack_post_was_ever_published":false,"footnotes":""},"yoast_head":"<!-- This site is optimized with the Yoast SEO plugin v19.13 - https:\/\/yoast.com\/wordpress\/plugins\/seo\/ -->\n<title>Chants de messe et Cantiques - Paroisse Aumale Bray Picardie.fr<\/title>\n<meta name=\"description\" content=\"Trouvez ici les chants de messes et cantiques traditionnels de la Paroisse Aumale Bray Picardie : Gloria, Kyrie, Sanctus, etc.\" \/>\n<meta name=\"robots\" content=\"index, follow, max-snippet:-1, max-image-preview:large, max-video-preview:-1\" \/>\n<link rel=\"canonical\" href=\"https:\/\/paroisseaumalebraypicardie.fr\/index.php\/des-prieres-pour-prier-chez-soi\/hymnes-et-cantiques\/\" \/>\n<meta property=\"og:locale\" content=\"fr_FR\" \/>\n<meta property=\"og:type\" content=\"article\" \/>\n<meta property=\"og:title\" content=\"Chants de messe et Cantiques - Paroisse Aumale Bray Picardie.fr\" \/>\n<meta property=\"og:description\" content=\"Trouvez ici les chants de messes et cantiques traditionnels de la Paroisse Aumale Bray Picardie : Gloria, Kyrie, Sanctus, etc.\" \/>\n<meta property=\"og:url\" content=\"https:\/\/paroisseaumalebraypicardie.fr\/index.php\/des-prieres-pour-prier-chez-soi\/hymnes-et-cantiques\/\" \/>\n<meta property=\"og:site_name\" content=\"Paroisse Aumale Bray Picardie.fr\" \/>\n<meta property=\"article:publisher\" content=\"https:\/\/www.facebook.com\/Paroisse-dAumale-1052241828150031\" \/>\n<meta property=\"article:modified_time\" content=\"2020-06-12T15:15:24+00:00\" \/>\n<meta property=\"og:image\" content=\"https:\/\/i0.wp.com\/paroisseaumalebraypicardie.fr\/wp-content\/uploads\/2020\/06\/church-4670590__480.jpg?fit=281%2C480&ssl=1\" \/>\n\t<meta property=\"og:image:width\" content=\"281\" \/>\n\t<meta property=\"og:image:height\" content=\"480\" \/>\n\t<meta property=\"og:image:type\" content=\"image\/jpeg\" \/>\n<meta name=\"twitter:card\" content=\"summary_large_image\" \/>\n<meta name=\"twitter:site\" content=\"@ParoisseABP\" \/>\n<meta name=\"twitter:label1\" content=\"Dur\u00e9e de lecture estim\u00e9e\" \/>\n\t<meta name=\"twitter:data1\" content=\"2 minutes\" \/>\n<script type=\"application\/ld+json\" class=\"yoast-schema-graph\">{\"@context\":\"https:\/\/schema.org\",\"@graph\":[{\"@type\":\"WebPage\",\"@id\":\"https:\/\/paroisseaumalebraypicardie.fr\/index.php\/des-prieres-pour-prier-chez-soi\/hymnes-et-cantiques\/\",\"url\":\"https:\/\/paroisseaumalebraypicardie.fr\/index.php\/des-prieres-pour-prier-chez-soi\/hymnes-et-cantiques\/\",\"name\":\"Chants de messe et Cantiques - Paroisse Aumale Bray Picardie.fr\",\"isPartOf\":{\"@id\":\"https:\/\/paroisseaumalebraypicardie.fr\/#website\"},\"datePublished\":\"2020-06-11T12:53:48+00:00\",\"dateModified\":\"2020-06-12T15:15:24+00:00\",\"description\":\"Trouvez ici les chants de messes et cantiques traditionnels de la Paroisse Aumale Bray Picardie : Gloria, Kyrie, Sanctus, etc.\",\"breadcrumb\":{\"@id\":\"https:\/\/paroisseaumalebraypicardie.fr\/index.php\/des-prieres-pour-prier-chez-soi\/hymnes-et-cantiques\/#breadcrumb\"},\"inLanguage\":\"fr-FR\",\"potentialAction\":[{\"@type\":\"ReadAction\",\"target\":[\"https:\/\/paroisseaumalebraypicardie.fr\/index.php\/des-prieres-pour-prier-chez-soi\/hymnes-et-cantiques\/\"]}]},{\"@type\":\"BreadcrumbList\",\"@id\":\"https:\/\/paroisseaumalebraypicardie.fr\/index.php\/des-prieres-pour-prier-chez-soi\/hymnes-et-cantiques\/#breadcrumb\",\"itemListElement\":[{\"@type\":\"ListItem\",\"position\":1,\"name\":\"Accueil\",\"item\":\"https:\/\/paroisseaumalebraypicardie.fr\/\"},{\"@type\":\"ListItem\",\"position\":2,\"name\":\"Des pri\u00e8res pour prier chez soi\",\"item\":\"https:\/\/paroisseaumalebraypicardie.fr\/index.php\/des-prieres-pour-prier-chez-soi\/\"},{\"@type\":\"ListItem\",\"position\":3,\"name\":\"Chants de messe et Cantiques\"}]},{\"@type\":\"WebSite\",\"@id\":\"https:\/\/paroisseaumalebraypicardie.fr\/#website\",\"url\":\"https:\/\/paroisseaumalebraypicardie.fr\/\",\"name\":\"Paroisse Aumale Bray Picardie.fr\",\"description\":\"\",\"publisher\":{\"@id\":\"https:\/\/paroisseaumalebraypicardie.fr\/#organization\"},\"potentialAction\":[{\"@type\":\"SearchAction\",\"target\":{\"@type\":\"EntryPoint\",\"urlTemplate\":\"https:\/\/paroisseaumalebraypicardie.fr\/?s={search_term_string}\"},\"query-input\":\"required name=search_term_string\"}],\"inLanguage\":\"fr-FR\"},{\"@type\":\"Organization\",\"@id\":\"https:\/\/paroisseaumalebraypicardie.fr\/#organization\",\"name\":\"Paroisse Aumale Bray Picardie\",\"url\":\"https:\/\/paroisseaumalebraypicardie.fr\/\",\"logo\":{\"@type\":\"ImageObject\",\"inLanguage\":\"fr-FR\",\"@id\":\"https:\/\/paroisseaumalebraypicardie.fr\/#\/schema\/logo\/image\/\",\"url\":\"https:\/\/i1.wp.com\/paroisseaumalebraypicardie.fr\/wp-content\/uploads\/2020\/01\/img_1256_47985338107_o-scaled.jpg?fit=2560%2C1912\",\"contentUrl\":\"https:\/\/i1.wp.com\/paroisseaumalebraypicardie.fr\/wp-content\/uploads\/2020\/01\/img_1256_47985338107_o-scaled.jpg?fit=2560%2C1912\",\"width\":2560,\"height\":1912,\"caption\":\"Paroisse Aumale Bray Picardie\"},\"image\":{\"@id\":\"https:\/\/paroisseaumalebraypicardie.fr\/#\/schema\/logo\/image\/\"},\"sameAs\":[\"https:\/\/www.instagram.com\/paroisseaumalebp\/?hl=fr\",\"https:\/\/www.youtube.com\/channel\/UCdzO2T1JOuFy9b6jaJdSyaQ?view_as=subscriber\",\"https:\/\/www.facebook.com\/Paroisse-dAumale-1052241828150031\",\"https:\/\/twitter.com\/ParoisseABP\"]}]}<\/script>\n<!-- \/ Yoast SEO plugin. -->","yoast_head_json":{"title":"Chants de messe et Cantiques - Paroisse Aumale Bray Picardie.fr","description":"Trouvez ici les chants de messes et cantiques traditionnels de la Paroisse Aumale Bray Picardie : Gloria, Kyrie, Sanctus, etc.","robots":{"index":"index","follow":"follow","max-snippet":"max-snippet:-1","max-image-preview":"max-image-preview:large","max-video-preview":"max-video-preview:-1"},"canonical":"https:\/\/paroisseaumalebraypicardie.fr\/index.php\/des-prieres-pour-prier-chez-soi\/hymnes-et-cantiques\/","og_locale":"fr_FR","og_type":"article","og_title":"Chants de messe et Cantiques - Paroisse Aumale Bray Picardie.fr","og_description":"Trouvez ici les chants de messes et cantiques traditionnels de la Paroisse Aumale Bray Picardie : Gloria, Kyrie, Sanctus, etc.","og_url":"https:\/\/paroisseaumalebraypicardie.fr\/index.php\/des-prieres-pour-prier-chez-soi\/hymnes-et-cantiques\/","og_site_name":"Paroisse Aumale Bray Picardie.fr","article_publisher":"https:\/\/www.facebook.com\/Paroisse-dAumale-1052241828150031","article_modified_time":"2020-06-12T15:15:24+00:00","og_image":[{"width":281,"height":480,"url":"https:\/\/i0.wp.com\/paroisseaumalebraypicardie.fr\/wp-content\/uploads\/2020\/06\/church-4670590__480.jpg?fit=281%2C480&ssl=1","type":"image\/jpeg"}],"twitter_card":"summary_large_image","twitter_site":"@ParoisseABP","twitter_misc":{"Dur\u00e9e de lecture estim\u00e9e":"2 minutes"},"schema":{"@context":"https:\/\/schema.org","@graph":[{"@type":"WebPage","@id":"https:\/\/paroisseaumalebraypicardie.fr\/index.php\/des-prieres-pour-prier-chez-soi\/hymnes-et-cantiques\/","url":"https:\/\/paroisseaumalebraypicardie.fr\/index.php\/des-prieres-pour-prier-chez-soi\/hymnes-et-cantiques\/","name":"Chants de messe et Cantiques - Paroisse Aumale Bray Picardie.fr","isPartOf":{"@id":"https:\/\/paroisseaumalebraypicardie.fr\/#website"},"datePublished":"2020-06-11T12:53:48+00:00","dateModified":"2020-06-12T15:15:24+00:00","description":"Trouvez ici les chants de messes et cantiques traditionnels de la Paroisse Aumale Bray Picardie : Gloria, Kyrie, Sanctus, etc.","breadcrumb":{"@id":"https:\/\/paroisseaumalebraypicardie.fr\/index.php\/des-prieres-pour-prier-chez-soi\/hymnes-et-cantiques\/#breadcrumb"},"inLanguage":"fr-FR","potentialAction":[{"@type":"ReadAction","target":["https:\/\/paroisseaumalebraypicardie.fr\/index.php\/des-prieres-pour-prier-chez-soi\/hymnes-et-cantiques\/"]}]},{"@type":"BreadcrumbList","@id":"https:\/\/paroisseaumalebraypicardie.fr\/index.php\/des-prieres-pour-prier-chez-soi\/hymnes-et-cantiques\/#breadcrumb","itemListElement":[{"@type":"ListItem","position":1,"name":"Accueil","item":"https:\/\/paroisseaumalebraypicardie.fr\/"},{"@type":"ListItem","position":2,"name":"Des pri\u00e8res pour prier chez soi","item":"https:\/\/paroisseaumalebraypicardie.fr\/index.php\/des-prieres-pour-prier-chez-soi\/"},{"@type":"ListItem","position":3,"name":"Chants de messe et Cantiques"}]},{"@type":"WebSite","@id":"https:\/\/paroisseaumalebraypicardie.fr\/#website","url":"https:\/\/paroisseaumalebraypicardie.fr\/","name":"Paroisse Aumale Bray Picardie.fr","description":"","publisher":{"@id":"https:\/\/paroisseaumalebraypicardie.fr\/#organization"},"potentialAction":[{"@type":"SearchAction","target":{"@type":"EntryPoint","urlTemplate":"https:\/\/paroisseaumalebraypicardie.fr\/?s={search_term_string}"},"query-input":"required name=search_term_string"}],"inLanguage":"fr-FR"},{"@type":"Organization","@id":"https:\/\/paroisseaumalebraypicardie.fr\/#organization","name":"Paroisse Aumale Bray Picardie","url":"https:\/\/paroisseaumalebraypicardie.fr\/","logo":{"@type":"ImageObject","inLanguage":"fr-FR","@id":"https:\/\/paroisseaumalebraypicardie.fr\/#\/schema\/logo\/image\/","url":"https:\/\/i1.wp.com\/paroisseaumalebraypicardie.fr\/wp-content\/uploads\/2020\/01\/img_1256_47985338107_o-scaled.jpg?fit=2560%2C1912","contentUrl":"https:\/\/i1.wp.com\/paroisseaumalebraypicardie.fr\/wp-content\/uploads\/2020\/01\/img_1256_47985338107_o-scaled.jpg?fit=2560%2C1912","width":2560,"height":1912,"caption":"Paroisse Aumale Bray Picardie"},"image":{"@id":"https:\/\/paroisseaumalebraypicardie.fr\/#\/schema\/logo\/image\/"},"sameAs":["https:\/\/www.instagram.com\/paroisseaumalebp\/?hl=fr","https:\/\/www.youtube.com\/channel\/UCdzO2T1JOuFy9b6jaJdSyaQ?view_as=subscriber","https:\/\/www.facebook.com\/Paroisse-dAumale-1052241828150031","https:\/\/twitter.com\/ParoisseABP"]}]}},"jetpack_sharing_enabled":true,"_links":{"self":[{"href":"https:\/\/paroisseaumalebraypicardie.fr\/index.php\/wp-json\/wp\/v2\/pages\/4923"}],"collection":[{"href":"https:\/\/paroisseaumalebraypicardie.fr\/index.php\/wp-json\/wp\/v2\/pages"}],"about":[{"href":"https:\/\/paroisseaumalebraypicardie.fr\/index.php\/wp-json\/wp\/v2\/types\/page"}],"author":[{"embeddable":true,"href":"https:\/\/paroisseaumalebraypicardie.fr\/index.php\/wp-json\/wp\/v2\/users\/1"}],"replies":[{"embeddable":true,"href":"https:\/\/paroisseaumalebraypicardie.fr\/index.php\/wp-json\/wp\/v2\/comments?post=4923"}],"version-history":[{"count":4,"href":"https:\/\/paroisseaumalebraypicardie.fr\/index.php\/wp-json\/wp\/v2\/pages\/4923\/revisions"}],"predecessor-version":[{"id":5000,"href":"https:\/\/paroisseaumalebraypicardie.fr\/index.php\/wp-json\/wp\/v2\/pages\/4923\/revisions\/5000"}],"up":[{"embeddable":true,"href":"https:\/\/paroisseaumalebraypicardie.fr\/index.php\/wp-json\/wp\/v2\/pages\/4915"}],"wp:featuredmedia":[{"embeddable":true,"href":"https:\/\/paroisseaumalebraypicardie.fr\/index.php\/wp-json\/wp\/v2\/media\/4763"}],"wp:attachment":[{"href":"https:\/\/paroisseaumalebraypicardie.fr\/index.php\/wp-json\/wp\/v2\/media?parent=4923"}],"curies":[{"name":"wp","href":"https:\/\/api.w.org\/{rel}","templated":true}]}}